ase 3?
11
Convert 183 (base 12) to base 16.
f3
5 (base 11) to base 7
5
What is 8 (base 10) in base 13?
8
What is -4 (base 16) in base 15?
-4
Convert 60 (base 11) to base 15.
46
33 (base 10) to base 4
201
What is -3 (base 15) in base 10?
-3
74 (base 8) to base 10
60
Convert -3 (base 13) to base 14.
-3
-13 (base 16) to base 13
-16
What is -100 (base 4) in base 7?
-22
What is 6 (base 11) in base 9?
6
6 (base 10) to base 3
20
Convert -1 (base 12) to base 13.
-1
2 (base 5) to base 6
2
2 (base 10) to base 16
2
Convert 3 (base 9) to base 14.
3
What is 14 (base 7) in base 8?
13
Convert 0 (base 2) to base 16.
0
Convert 242 (base 5) to base 16.
48
What is 3 (base 5) in base 15?
3
10001 (base 2) to base 12
15
What is -2 (base 14) in base 6?
-2
Convert 101 (base 4) to base 15.
12
What is -20 (base 4) in base 10?
-8
-281 (base 10) to base 14
-161
What is 4 (base 15) in base 3?
11
24 (base 5) to base 10
14
What is -27 (base 8) in base 13?
-1a
-137 (base 15) to base 7
-544
Convert -110110 (base 2) to base 11.
-4a
Convert 101010 (base 2) to base 3.
1120
What is -1000 (base 2) in base 9?
-8
Convert -15 (base 15) to base 8.
-24
0 (base 9) to base 13
0
-2 (base 6) to base 15
-2
-4 (base 7) to base 8
-4
Convert 1 (base 11) to base 9.
1
What is 13 (base 6) in base 15?
9
Convert -1102 (base 4) to base 16.
-52
-218 (base 11) to base 2
-100000101
-101 (base 11) to base 13
-95
-36 (base 16) to base 3
-2000
Convert 5 (base 16) to base 2.
101
What is 0 (base 14) in base 7?
0
Convert -5 (base 7) to base 6.
-5
What is 208 (base 10) in base 7?
415
23 (base 4) to base 2
1011
What is d (base 14) in base 9?
14
-117 (base 10) to base 8
-165
Convert -3 (base 16) to base 5.
-3
-3 (base 9) to base 7
-3
-2003 (base 5) to base 10
-253
-10 (base 13) to base 2
-1101
23 (base 11) to base 5
100
Convert 121 (base 3) to base 8.
20
What is 48 (base 16) in base 4?
1020
Convert 2 (base 10) to base 9.
2
What is -20b (base 13) in base 12?
-251
2 (base 7) to base 12
2
Convert 253 (base 6) to base 4.
1221
What is -23 (base 5) in base 12?
-11
Convert -71 (base 12) to base 8.
-125
-255 (base 6) to base 8
-153
1010 (base 2) to base 4
22
What is -44 (base 5) in base 9?
-26
Convert -1 (base 5) to base 10.
-1
What is -2 (base 14) in base 3?
-2
What is 0 (base 2) in base 8?
0
-40 (base 8) to base 15
-22
Convert -15 (base 15) to base 9.
-22
What is -2 (base 4) in base 12?
-2
What is -236 (base 7) in base 11?
-104
-2312 (base 4) to base 10
-182
What is 1 (base 14) in base 15?
1
-2 (base 15) to base 2
-10
2 (base 12) to base 11
2
Convert -3b (base 14) to base 4.
-311
Convert -39 (base 10) to base 12.
-33
What is -8 (base 13) in base 12?
-8
Convert -110 (base 6) to base 14.
-30
-9 (base 13) to base 7
-12
What is 21 (base 3) in base 9?
7
What is -4 (base 12) in base 13?
-4
2 (base 4) to base 15
2
3 (base 6) to base 8
3
What is -2 (base 5) in base 14?
-2
What is -b0 (base 15) in base 7?
-324
What is -103 (base 5) in base 16?
-1c
What is -1 (base 12) in base 10?
-1
What is 4 (base 11) in base 7?
4
What is -20 (base 15) in base 9?
-33
What is 121 (base 4) in base 6?
41
What is 3 (base 16) in base 13?
3
What is 10 (base 15) in base 3?
120
What is -2 (base 15) in base 13?
-2
Convert 51 (base 14) to base 3.
2122
What is 7 (base 11) in base 16?
7
What is -100001 (base 2) in base 10?
-33
Convert 2 (base 5) to base 2.
10
What is 18 (base 16) in base 13?
1b
Convert 2 (base 5) to base 12.
2
Convert -122 (base 6) to base 13.
-3b
Convert 9 (base 15) to base 8.
11
-3 (base 5) to base 9
-3
26 (base 14) to base 10
34
53 (base 12) to base 11
58
Convert 16 (base 12) to base 16.
12
c (base 14) to base 8
14
Convert 3 (base 10) to base 16.
3
What is -21 (base 6) in base 5?
-23
136 (base 10) to base 8
210
421 (base 5) to base 13
87
What is -322 (base 4) in base 3?
-2011
What is 160 (base 8) in base 2?
1110000
-30 (base 5) to base 15
-10
Convert 2222 (base 3) to base 8.
120
Convert -2 (base 10) to base 2.
-10
What is -5 (base 16) in base 7?
-5
What is 180 (base 10) in base 15?
c0
Convert -11100 (base 2) to base 14.
-20
Convert -12 (base 15) to base 11.
-16
Convert -5 (base 11) to base 8.
-5
Convert -41 (base 7) to base 10.
-29
What is 1 (base 4) in base 6?
1
Convert -1 (base 8) to base 16.
-1
What is 1 (base 3) in base 2?
1
What is 3 (base 8) in base 16?
3
What is -22 (base 3) in base 10?
-8
What is -23 (base 9) in base 14?
-17
Convert 68 (base 10) to base 2.
1000100
Convert -211 (base 6) to base 14.
-59
-3 (base 7) to base 16
-3
b7 (base 14) to base 7
320
What is 20 (base 3) in base 7?
6
What is 10 (base 3) in base 8?
3
What is 7 (base 16) in base 11?
7
What is -2a (base 14) in base 8?
-46
Convert -8 (base 15) to base 2.
-1000
Convert 204 (base 7) to base 15.
6c
What is 10111101 (base 2) in base 10?
189
What is -8 (base 16) in base 7?
-11
-7 (base 13) to base 12
-7
-140 (base 5) to base 14
-33
5 (base 13) to base 9
5
What is -111 (base 6) in base 5?
-133
What is 1ab (base 12) in base 8?
423
What is 3 (base 4) in base 10?
3
Convert -30 (base 7) to base 10.
-21
1 (base 11) to base 14
1
What is 4 (base 7) in base 12?
4
3 (base 14) to base 8
3
Convert -7 (base 10) to base 7.
-10
What is 0 (base 11) in base 6?
0
What is 14 (base 13) in base 4?
101
What is 2 (base 11) in base 2?
10
10 (base 9) to base 12
9
What is -1d (base 15) in base 6?
-44
Convert -212 (base 3) to base 2.
-10111
-8 (base 15) to base 10
-8
Convert -100 (base 5) to base 4.
-121
Convert -3 (base 5) to base 3.
-10
6 (base 8) to base 14
6
-11 (base 13) to base 16
-e
Convert 7 (base 12) to base 10.
7
What is -29 (base 12) in base 2?
-100001
Convert -2 (base 5) to base 8.
-2
Convert -55 (base 6) to base 13.
-29
-220 (base 4) to base 5
-130
Convert -1 (base 5) to base 4.
-1
-12 (base 3) to base 4
-11
Convert 157 (base 9) to base 6.
341
-1 (base 14) to base 4
-1
Convert -112 (base 4) to base 12.
-1a
14 (base 14) to base 6
30
Convert -1011 (base 2) to base 3.
-102
Convert 1 (base 8) to base 15.
1
Convert 421 (base 7) to base 8.
323
What is 12 (base 5) in base 13?
7
Convert 68 (base 10) to base 12.
58
Convert 124 (base 7) to base 14.
4b
What is 3 (base 4) in base 2?
11
Convert -57 (base 13) to base 15.
-4c
-20 (base 3) to base 2
-110
-4 (base 16) to base 10
-4
What is -1 (base 13) in base 3?
-1
What is -4 (base 15) in base 16?
-4
-9 (base 12) to base 5
-14
Convert -1 (base 7) to base 11.
-1
Convert -3 (base 12) to base 6.
-3
Convert 8 (base 12) to base 13.
8
-101010 (base 2) to base 10
-42
What is -c9 (base 15) in base 2?
-10111101
Convert -9 (base 14) to base 7.
-12
Convert 37 (base 10) to base 9.
41
Convert 34 (base 14) to base 10.
46
What is 6a (base 11) in base 9?
84
What is 0 (base 8) in base 7?
0
-7 (base 8) to base 4
-13
Convert 9 (base 14) to base 12.
9
What is 0 (base 7) in base 3?
0
Convert -1c (base 15) to base 13.
-21
Convert 3 (base 8) to base 2.
11
Convert -10 (base 15) to base 14.
-11
1 (base 6) to base 2
1
28 (base 16) to base 5
130
What is -21 (base 8) in base 10?
-17
52 (base 11) to base 4
321
380 (base 9) to base 14
187
What is 45 (base 12) in base 16?
35
Convert 331 (base 7) to base 2.
10101001
What is 1 (base 16) in base 4?
1
Convert 1 (base 15) to base 9.
1
-112 (base 5) to base 12
-28
-b (base 13) to base 3
-102
233 (base 4) to base 9
52
What is 1 (base 16) in base 5?
1
Convert -9 (base 11) to base 10.
-9
Convert -11 (base 4) to base 11.
-5
-14 (base 9) to base 4
-31
Convert 0 (base 8) to base 3.
0
Convert -10 (base 14) to base 12.
-12
Convert 0 (base 4) to base 2.
0
1 (base 6) to base 4
1
Convert -90 (base 15) to base 6.
-343
Convert 25 (base 7) to base 3.
201
Convert d0 (base 15) to base 13.
120
What is -2 (base 13) in base 11?
-2
What is -25 (base 13) in base 14?
-23
-3 (base 9) to base 15
-3
-76 (base 8) to base 5
-222
What is 11113 (base 4) in base 16?
157
2 (base 8) to base 16
2
-40 (base 14) to base 13
-44
Convert -1 (base 8) to base 14.
-1
3 (base 9) to base 8
3
What is 10 (base 4) in base 12?
4
-11 (base 2) to base 4
-3
Convert 9 (base 11) to base 12.
9
What is 1 (base 9) in base 10?
1
What is 2 (base 10) in base 8?
2
Convert 132 (base 7) to base 15.
4c
Convert 4 (base 12) to base 6.
4
-3 (base 15) to base 16
-3
What is 1131 (base 5) in base 13?
ca
Convert -30 (base 5) to base 2.
-1111
10 (base 8) to base 16
8
What is -20 (base 8) in base